**3 - d**2 + 2*d - 1. Calculate z(f).
-12
Suppose 3*r - 4*r + 2 = 0. Let v(g) = -6*g + 5 + 2*g**2 + 0*g**r - 4 + 3*g**2 + g**3. Determine v(-6).
1
Let r(u) = u + 7*u - 7*u. Suppose 2*i = 3*i. Suppose i = 4*s + 2 + 2. What is r(s)?
-1
Let k(i) = 3 - 2 + 3 + i. Suppose 2*u - 6*u = 16. What is k(u)?
0
Let y(f) be the first derivative of -f**3/6 + 6*f**2 - 2*f - 2. Let m(z) be the first derivative of y(z). Let a be m(8). Let l(t) = t. What is l(a)?
4
Let w(y) be the first derivative of -y**4/4 - 5*y**3/3 - 2*y**2 - y + 1. Let s be (-200)/52 - 2/13. Let h be w(s). Let l(t) = t**2 + t. What is l(h)?
0
Let b(s) = 5*s - 7 - s - 2*s. Let z be b(5). Suppose 2*f - 13 = -4*r + 3*f, 2*f + 6 = z*r. Let n(l) = l**3 - 5*l**2 + 6*l - 1. What is n(r)?
7
Suppose -25 = 5*h, 0*y - 7 = -4*y - h. Let b(l) = 0*l**y - l**3 - 4 - 2*l + 6 - 4*l**2. Let a(u) = -u**3 + u**2 + 4*u + 3. Let m be a(3). Determine b(m).
-1
Let o(g) be the second derivative of -1/12*g**4 + 0 + 6*g - 1/6*g**3 - 6*g**2. Calculate o(0).
-12
Let r(k) = 3*k - 1 - 2*k - 2. Let m(d) = 2*d - 15. Let c be m(10). Suppose -c*n = -6 - 9. Calculate r(n).
0
Let g(k) = 9*k - 12*k + 4 + k**3 + 1 + 4*k**2 + 0. Let y(p) = -p + 1. Let b = -13 - -19. Let v be y(b). What is g(v)?
-5
Let m(u) = u**2 - 5*u + 3. Let z = 4 - 1. Let o(w) = w**2 - 5*w - 2. Let c be o(5). Let h be z/c*(-8)/3. Give m(h).
-1
Let j be (-2)/(1/(12/8)). Let u(a) = -2*a - 1. What is u(j)?
5
Let p(v) = -v**3 - 7*v**2 + 2*v + 2. Let x be 285/(-45) + 4/(-6). Determine p(x).
-12
Let y(w) = 3*w. Let n be y(1). Let k(t) = 2*t + t - 7 - 4*t + 5*t**2 - t**n. Determine k(5).
-12
Suppose 1 - 9 = 2*j. Let u(x) = x - 4. Let c(l) = 1. Let d(z) = 14*c(z) + 2*u(z). What is d(j)?
-2
Let v(a) be the second derivative of a**4/12 - a**3/6 - 2*a**2 - 8*a. Calculate v(3).
2
Let g(j) be the second derivative of j**5/20 + 2*j**4/3 + 7*j**3/6 - j**2/2 - 3*j. Determine g(-7).
-1
Let l(n) = n**2 + 4*n + 2. Let x be l(-3). Let c be x*(6 + 1) - -1. Let h(b) = b**2 + 5*b - 4. Give h(c).
2
Let b be (2/1)/(-1) + 3. Let g(n) = -n - 1 + 2 - b. Calculate g(3).
-3
Let h(s) = 5*s + 2*s + 4 - 9*s - 2*s**2. Suppose 0 = d + 3*d - 16. Suppose 4*y + 8 = d*i, i + 2*i = -4*y - 15. Determine h(y).
-8
Let z(h) = h + 1. Suppose 0 = -0*j - 3*j + 72. Suppose 0 = 5*f - 4*w - j, 5*f - 3*w = -2*w + 21. Suppose -3 = -2*y + p - f*p, -2*p = 2*y. Calculate z(y).
-2
Let i(y) = -y**3 - 5*y**2 - 5*y + 3. Let p(z) = 2*z**3 + 11*z**2 + 11*z - 6. Let l(q) = 9*i(q) + 4*p(q). Determine l(0).
3
Let v(c) = 8 + c**3 - 3 - 7*c**2 + 4*c - 1. What is v(6)?
-8
Let m be (-4)/(-12) + 17/3. Let l(a) = 5*a + 29. Let v(p) = p + 7. Let g(h) = -2*l(h) + 9*v(h). Calculate g(m).
-1
Let o(y) = -y**2 + 2*y - 4. Suppose 6*u + 4 = 22. Determine o(u).
-7
Let u be 0 + 1 - (-4 + 1). Let k(f) be the first derivative of -f**4/4 + 5*f**3/3 - 5*f**2/2 + 5*f + 226. Give k(u).
1
Let z(y) = -y**2 + 4. Suppose -3*q = -3*t, -4*q = -6 + 22. Suppose -2*r = r. Let s = t + r. What is z(s)?
-12
Let n(g) be the first derivative of g**4/4 - 5*g**3/3 + g**2/2 + 4*g - 18. Calculate n(5).
9
Let a(u) = u + 1. Let h(z) = 30*z + 18. Let m(v) = 18*a(v) - h(v). What is m(1)?
-12
Let o = 167 + -173. Let j(h) = -h**3 - 6*h**2 - 3*h - 5. Determine j(o).
13
Let p(s) = -3*s - 1. Let b(o) = -o**2 - 3*o + 6. Let g(n) = 2*n**2 + 7*n - 13. Let a(z) = 7*b(z) + 4*g(z). Let f be a(-8). Give p(f).
5
Let s(h) = 8*h**2. Suppose -2*p + 2 = -0. What is s(p)?
8
Let l(m) = m**3 + 5*m**2 + 5 - 9*m**2 + 0*m**2. Calculate l(4).
5
Let v(z) = -z**3 - 7*z**2 - 4*z + 5. Suppose 19 = -3*r - 35. Let p be (r/(-8))/((-3)/8). What is v(p)?
-7
Let u(i) = -8 - i - 245*i**2 + 244*i**2 - 7*i. Give u(-6).
4
Let t(k) = 3 - 1 - k - 6. Let q be t(-3). Let c(x) = -2*x**2 + x + 1. Determine c(q).
-2
Let q(y) = -y - 1. Let b(f) = -f - 1. Let a(u) = 3*b(u) - 2*q(u). Let t be (2/4)/((-14)/16 + 1). Calculate a(t).
-5
Let g(b) = 2*b**2 - 8*b**2 - 7 - 5*b**3 + 2*b**3 + 4*b**3 - 6*b. Determine g(7).
0
Let x = 16 - 24. Let g be (-2)/x - 4/16. Let p(w) = w - 5 - 2*w**3 + w**3 + w**2 + 0*w**3. What is p(g)?
-5
Let n(b) = -b**2 + 7 + 4*b - 10 - 7*b + 7. Let c = -10 - -6. Calculate n(c).
0
Let u(x) be the first derivative of -3 + 3*x + x**3 - 2*x**2 - 1/4*x**4. Determine u(2).
-1
Let u(i) be the first derivative of i**4/4 + 4*i**3/3 - 3*i**2/2 + i - 1. Let v be 2 - (0 + (-1 - 1)). Let y be 5*2*(-2)/v. Give u(y).
-9
Let d(v) = -9*v - 7. Let g be d(0). Let x(t) = -t - 5. What is x(g)?
2
Let w(b) be the third derivative of -b**6/15 + b**4/12 - b**3/6 + 7*b**2. Calculate w(1).
-7
Suppose 7 = q + 2. Let x(r) = 5*r + 5*r**2 - 3*r - 3*r**2 + q*r**3 + 1. Determine x(-1).
-4
Let b(w) be the third derivative of -w**6/720 + 7*w**5/60 + w**4/3 + 2*w**2. Let p(r) be the second derivative of b(r). Give p(0).
14
Let a(q) = q. Let r be a(0). Let u(p) = -3*p - 9. Let d be u(-4). Let w(g) = 0*g**d + g**3 + r*g**3 + 2*g**2. Determine w(-2).
0
Suppose -4*u - 2 = -4*q - 26, 0 = -4*q + 5*u - 26. Let y(s) = -2*s - 6. Give y(q).
2
Let n(h) = -46*h**2 - 2*h**3 + h + 47*h**2 - h. Calculate n(1).
-1
Suppose -3*g = 6, -k + g - 2*g = 6. Let l(s) = -s**3 - 5*s**2 - 6*s - 6. Calculate l(k).
2
Let w be 70/15*6/4. Let d(s) = s - 7. Let o be d(w). Let c(l) be the third derivative of -l**6/120 + l**5/60 + l**4/24 + l**3/2 - l**2. What is c(o)?
3
Let n(m) = -3*m - 1. Let q(u) = u**3 + 6*u**2 + 4*u. Let f be q(-5). Give n(f).
-16
Let f = -6 - -10. Suppose 0 = 2*i - q + f, -q + 5 - 1 = 3*i. Let a(m) be the third derivative of -m**6/120 + m**4/24 + m**3 - m**2. Give a(i).
6
Let g(b) = -b**2 + 8*b - 5. Suppose -6*z + 35 = 5. Calculate g(z).
10
Let b(s) be the first derivative of 2*s**2 - 4. Suppose n - 1 = -0. What is b(n)?
4
Let t(a) = 9*a**2 + 2*a - 3. Let w(r) be the third derivative of r**5/15 + r**4/24 - r**3/3 - 2*r**2. Let i(m) = -3*t(m) + 5*w(m). Calculate i(-1).
-7
Let t(o) be the second derivative of o**5/20 + 5*o**4/12 + 2*o**3/3 + o**2 + 32*o + 2. Give t(-3).
8
Let f = -1 + 2. Suppose -f = -s - 0. Let u(a) = 13*a**2 + a - 1. What is u(s)?
13
Suppose -2*k - 2*y = -7 + 1, y = -4*k + 9. Let s(d) = d + 3 - d + d - k*d. Suppose c - n - 2 = -3, 4*c - 3*n - 1 = 0. Determine s(c).
-1
Let h = 16 - 12. Let d(u) = 3 - 4 - 1 - 2*u + h. Determine d(2).
-2
Let i(l) be the third derivative of 0*l**4 + 1/120*l**6 + l**2 + 0*l**5 + 0 + 0*l**3 + 0*l. Let v(w) = 4*w**3 - 5*w**2. Let b(d) = 3*i(d) - v(d). What is b(5)?
0
Let b(a) = -a - 6. Let g(p) be the second derivative of p**3/6 + 5*p**2/2 + 2*p. Let i(h) = 4*b(h) + 5*g(h). Give i(-6).
-5
Let r(u) = -u - 5. Suppose -b - 30 = 4*b. What is r(b)?
1
Let i(m) = 3*m**2 - 2*m + 1. Let t = -5 + 6. Give i(t).
2
Let y(f) = -f**2 + 2*f - 3. Suppose 3 = -3*o - 6. Give y(o).
-18
Let j(g) = -15*g + g**2 - 1 + 15*g. Suppose f = -3*f. Determine j(f).
-1
Let f(w) be the first derivative of -1 + 1/2*w**2 - 8*w. Suppose 20 = 4*j - 0*j. What is f(j)?
-3
Suppose 91 = 6*m + 277. Let n = m - -24. Let z(x) = -x**2 - 7*x - 4. Determine z(n).
-4
Let j(f) = -f**3 + 5. Suppose b - 12 = -0*b + 3*x, 4*b = -3*x - 12. Determine j(b).
5
Suppose -d - 7 = 2*p - 22, 20 = 4*d. Let r(a) = -a**3 + 7*a**2 + 2*a**2 - 4*a**2 + 6. Give r(p).
6
Let i(z) = z + 4. Let s = -58 + 82. Suppose 2*y + y - s = 0. Suppose 2*a - 2*l = 3*l - 16, 4*l = y. Determine i(a).
1
Let n(k) = -k**3 - 9*k**2 + 10*k - 3. Let v be n(-10). Let x(a) = a + 3. Determine x(v).
0
Let n(m) = -m - 20. Let t be n(-14). Let j(d) = 5*d - 3*d + 4*d + 7 + d**2 - 5. What is j(t)?
2
Let u be ((-16)/(-12))/((-4)/(-6)). Let f(w) = 5*w + 2*w**2 - 2*w**2 + w**u + 3. Determine f(-3).
-3
Let p(o) = -6*o. Let z(t) = t - 4. Let a be z(3). What is p(a)?
6
Let v = 13 - -2. Let n = 26 - v. Let p(w) = -14*w**3 + 14*w**2 + 3*w + 30. Let f(h) = -5*h**3 + 5*h**2 + h + 10. Let k(z) = n*f(z) - 4*p(z). Give k(0).
-10
Let n(m) = -6*m**3 - 2*m**3 - 20 - m - 15 + 34. Suppose 6*y - 3*y + 3 = 0. Give n(y).
8
Suppose 4 = 4*n, -2*f + 0*n = 3*n - 13. Let d = -7 + f. Let j = d - -3. Let l(i) = -9*i. What is l(j)?
-9
Let t be (0 + -2)/((-6)/51). Let c be 7/(-28) + t/4. Let u(j) be the second derivative of -j**4/12 + 2*j**3/3 - 2*j**2 + j. Determine u(c).
-4
Let b(x) = x + 1. Suppose -4*z = -17 - 7. Suppose 3*r - z*r + 2*w + 11 = 0, -r - w = 3. Let t be (r*-5)/(1 - 0). Calculate b(t).
-4
Let v(w) = 26*w